highest common factor of 129091 and 37877?
773
What is the greatest common factor of 11844 and 324?
36
Calculate the highest common factor of 165 and 694023.
33
Calculate the highest common factor of 352 and 90608.
16
What is the greatest common divisor of 2403 and 122019?
267
Calculate the highest common divisor of 57651 and 165.
33
What is the highest common divisor of 8384 and 41658?
262
Calculate the greatest common factor of 2705236 and 116.
116
What is the greatest common factor of 6939 and 11051?
257
What is the greatest common divisor of 489 and 135?
3
Calculate the greatest common divisor of 11342 and 5564.
214
What is the highest common divisor of 16 and 12436?
4
Calculate the highest common factor of 13482 and 107.
107
Calculate the highest common factor of 3232 and 992.
32
Calculate the highest common factor of 5439 and 11359.
37
What is the greatest common divisor of 60409 and 1565?
313
Calculate the greatest common factor of 1150171 and 33.
11
Calculate the highest common divisor of 208329 and 321.
321
What is the greatest common divisor of 1 and 90773?
1
What is the highest common factor of 108 and 195516?
36
Calculate the greatest common factor of 411 and 3760239.
411
What is the highest common divisor of 2027262 and 190?
38
Calculate the greatest common divisor of 149 and 727.
1
Calculate the highest common divisor of 158585 and 16583.
161
What is the greatest common factor of 97854 and 47094?
282
What is the highest common divisor of 3 and 218484?
3
What is the highest common factor of 514671 and 138?
69
Calculate the highest common factor of 551 and 107711.
19
What is the greatest common factor of 429 and 12177?
33
What is the highest common factor of 48 and 25548?
12
Calculate the highest common factor of 84 and 329532.
84
Calculate the greatest common factor of 72016 and 48.
16
Calculate the highest common factor of 185 and 31265.
185
Calculate the greatest common divisor of 1252787 and 23.
23
Calculate the greatest common divisor of 3445858 and 26.
26
What is the highest common divisor of 161 and 101729?
23
What is the highest common factor of 34 and 1088986?
34
Calculate the greatest common divisor of 11 and 125587.
11
Calculate the highest common divisor of 3096 and 1968.
24
Calculate the highest common factor of 20 and 27540.
20
What is the greatest common divisor of 1330 and 13490?
190
Calculate the greatest common divisor of 8 and 17704.
8
Calculate the greatest common factor of 883932 and 357.
357
Calculate the greatest common divisor of 18 and 1549134.
18
What is the highest common divisor of 9417 and 3504?
219
Calculate the highest common factor of 144841 and 2169.
241
What is the greatest common factor of 454572 and 976?
244
Calculate the greatest common factor of 15339 and 75.
3
What is the greatest common divisor of 2050252 and 509?
509
What is the highest common factor of 43 and 242004?
43
Calculate the highest common divisor of 41689 and 2256.
47
Calculate the greatest common divisor of 92 and 193982.
46
What is the greatest common factor of 3754170 and 354?
354
Calculate the highest common divisor of 66213 and 126.
63
What is the greatest common divisor of 20769 and 161322?
483
What is the highest common divisor of 4755273 and 69?
69
What is the greatest common divisor of 19478 and 92?
2
What is the greatest common divisor of 3560 and 15430?
10
What is the highest common factor of 208 and 53712?
16
What is the highest common factor of 9402 and 24?
6
What is the highest common factor of 61330 and 30?
10
What is the greatest common divisor of 170562 and 273?
21
Calculate the highest common divisor of 1430 and 7260.
110
Calculate the greatest common divisor of 35184 and 21.
3
Calculate the greatest common divisor of 100476 and 36.
36
Calculate the highest common divisor of 6112 and 272.
16
Calculate the highest common divisor of 670 and 1250.
10
Calculate the highest common divisor of 8192 and 1248.
32
What is the highest common divisor of 35168 and 280?
56
Calculate the greatest common divisor of 184743 and 585.
117
What is the highest common factor of 1258 and 4403?
629
What is the highest common factor of 92157 and 5967?
663
Calculate the highest common divisor of 5063641 and 349.
349
Calculate the highest common divisor of 15993 and 531.
9
Calculate the highest common divisor of 70 and 815960.
10
Calculate the greatest common divisor of 228 and 14028.
12
What is the highest common factor of 381920 and 55?
55
What is the greatest common divisor of 60 and 20949?
3
What is the greatest common divisor of 125058 and 2850?
114
What is the highest common divisor of 58 and 571126?
58
What is the greatest common divisor of 119877 and 93?
93
Calculate the highest common factor of 4142 and 3.
1
Calculate the highest common divisor of 1116 and 15948.
36
Calculate the highest common divisor of 7722 and 3744.
234
What is the greatest common divisor of 398223 and 45?
9
What is the highest common divisor of 3658746 and 1092?
546
What is the highest common factor of 323712 and 720?
144
Calculate the highest common divisor of 167169 and 22248.
309
Calculate the greatest common factor of 1964095 and 595.
595
Calculate the greatest common factor of 4 and 1820132.
4
Calculate the greatest common factor of 79375 and 254.
127
Calculate the greatest common factor of 198 and 22938.
6
Calculate the greatest common divisor of 42085 and 38.
19
Calculate the highest common divisor of 139159 and 1271.
31
Calculate the greatest common divisor of 335820 and 1305.
435
What is the highest common factor of 2854406 and 586?
586
What is the greatest common factor of 1701 and 135?
27
What is the greatest common factor of 66 and 2139126?
66
What is the greatest common divisor of 2382 and 3678?
6
Calculate the highest common divisor of 5 and 90315.
5
Calculate the greatest common divisor of 95433 and 117.
39
Calculate the highest common divisor of 40 and 79088.
8
What is the greatest common factor of 246 and 2334?
6
What is the greatest common divisor of 1791700 and 17100?
1900
Calculate the greatest common factor of 29 and 65946.
29
What is the greatest common factor of 1001940 and 45?
15
Calculate the highest common divisor of 2047 and 27323.
89
Calculate the greatest common factor of 1404 and 1010412.
468
What is the highest common divisor of 11 and 1091?
1
What is the highest common factor of 63800 and 3625?
725
Calculate the highest common factor of 2 and 15852.
2
What is the greatest common factor of 204 and 1356?
12
What is the greatest common factor of 38 and 412357?
19
Calculate the greatest common divisor of 7155 and 1905.
15
What is the highest common factor of 20009 and 18530?
17
What is the highest common factor of 8701 and 231?
77
Calculate the greatest common factor of 3379 and 6213.
109
Calculate the highest common divisor of 1200 and 576800.
400
Calculate the highest common divisor of 97816 and 136.
8
Calculate the highest common factor of 14889 and 112.
7
Calculate the greatest common factor of 2743 and 689.
13
What is the highest common factor of 805998 and 12?
6
Calculate the highest common factor of 1521796 and 274.
274
What is the greatest common divisor of 1 and 11930?
1
Calculate the highest common factor of 15191 and 319.
11
What is the highest common factor of 1719 and 3629?
191
What is the highest common divisor of 15776969 and 221?
221
Calculate the highest common factor of 1428 and 203847.
357
What is the greatest common divisor of 3484 and 11804?
52
Calculate the greatest common divisor of 4466 and 781396.
154
What is the highest common factor of 10176 and 3264?
192
What is the greatest common factor of 8456 and 392?
56
What is the greatest common divisor of 234 and 26949?
39
What is the greatest common divisor of 11879 and 119?
7
Calculate the highest common divisor of 46805 and 555.
185
What is the greatest common factor of 10 and 622?
2
Calculate the highest common factor of 149254 and 294.
98
What is the highest common divisor of 33 and 1793?
11
What is the greatest common factor of 4465 and 1086781?
893
Calculate the highest common factor of 23 and 2868307.
23
Calculate the highest common factor of 315 and 1710.
45
What is the highest common factor of 370 and 176342?
74
Calculate the highest common divisor 